{"id":1375,"date":"2023-09-25T11:45:45","date_gmt":"2023-09-25T10:45:45","guid":{"rendered":"https:\/\/www.formula.pt\/cms\/?page_id=1375"},"modified":"2023-09-29T17:15:17","modified_gmt":"2023-09-29T16:15:17","slug":"sobre-nos","status":"publish","type":"page","link":"https:\/\/www.formula.pt\/cms\/sobre-nos\/","title":{"rendered":"Sobre n\u00f3s"},"content":{"rendered":"\n<p><strong>Hor\u00e1rio:<\/strong><br>De 2.\u00aa a 6.\u00aa feira<br>Das 15h \u00e0s 20h<br>As explica\u00e7\u00f5es pode ser marcadas para qualquer hor\u00e1rio combinado entre o docente e o aluno.<br>Tel.: 934 351 687<br>Email: geral@formula.pt<\/p>\n\n\n\n<iframe src=\"https:\/\/www.google.com\/maps\/embed?pb=!1m18!1m12!1m3!1d3002.89936077228!2d-8.630560523714916!3d41.18036220881066!2m3!1f0!2f0!3f0!3m2!1i1024!2i768!4f13.1!3m3!1m2!1s0xd2465c633377eb7%3A0x366020b56b4466d7!2zRsOzcm11bEAgLSBFZHVjYcOnw6NvIGUgRm9ybWHDp8Ojbw!5e0!3m2!1spt-PT!2spt!4v1695300374644!5m2!1spt-PT!2spt\" width=\"1050\" height=\"350\" style=\"border:0;\" allowfullscreen=\"\" loading=\"lazy\" referrerpolicy=\"no-referrer-when-downgrade\"><\/iframe>\n\n\n\n<figure class=\"wp-block-image aligncenter size-full is-resized\"><a href=\"https:\/\/www.formula.pt\/cms\/wp-content\/uploads\/2019\/08\/2019-08-14-17_59_45-Window.png\"><img loading=\"lazy\" decoding=\"async\" src=\"https:\/\/www.formula.pt\/cms\/wp-content\/uploads\/2019\/08\/2019-08-14-17_59_45-Window.png\" alt=\"\" class=\"wp-image-177\" style=\"width:250px;height:263px\" width=\"250\" height=\"263\" srcset=\"https:\/\/www.formula.pt\/cms\/wp-content\/uploads\/2019\/08\/2019-08-14-17_59_45-Window.png 554w, https:\/\/www.formula.pt\/cms\/wp-content\/uploads\/2019\/08\/2019-08-14-17_59_45-Window-286x300.png 286w\" sizes=\"auto, (max-width: 250px) 100vw, 250px\" \/><\/a><\/figure>\n\n\n\n<p class=\"has-text-align-center\">Rui Guimar\u00e3es<\/p>\n\n\n\n<p><strong>Entre em contacto conosco:<\/strong><\/p>\n\n\n\n<div class=\"wp-block-buttons is-layout-flex wp-block-buttons-is-layout-flex\">\n<div class=\"wp-block-button\"><a class=\"wp-block-button__link wp-element-button\" href=\"https:\/\/api.whatsapp.com\/send?phone=351934351687\">whatsapp<\/a><\/div>\n\n\n\n<div class=\"wp-block-button\"><a class=\"wp-block-button__link wp-element-button\" href=\"mailto:geral@formula.pt\">Enviar um e-mail<\/a><\/div>\n<\/div>\n\n\n\n<div class=\"wp-block-buttons is-layout-flex wp-block-buttons-is-layout-flex\"><\/div>\n","protected":false},"excerpt":{"rendered":"<p>Hor\u00e1rio:De 2.\u00aa a 6.\u00aa feiraDas 15h \u00e0s 20hAs explica\u00e7\u00f5es pode ser marcadas para qualquer hor\u00e1rio combinado entre o docente e o aluno.Tel.: 934 351 687Email: geral@formula.pt Rui Guimar\u00e3es Entre em contacto conosco:<\/p>\n","protected":false},"author":1,"featured_media":0,"parent":0,"menu_order":0,"comment_status":"closed","ping_status":"closed","template":"","meta":{"site-sidebar-layout":"default","site-content-layout":"","ast-site-content-layout":"default","site-content-style":"default","site-sidebar-style":"default","ast-global-header-display":"","ast-banner-title-visibility":"","ast-main-header-display":"","ast-hfb-above-header-display":"","ast-hfb-below-header-display":"","ast-hfb-mobile-header-display":"","site-post-title":"","ast-breadcrumbs-content":"","ast-featured-img":"","footer-sml-layout":"","theme-transparent-header-meta":"","adv-header-id-meta":"","stick-header-meta":"","header-above-stick-meta":"","header-main-stick-meta":"","header-below-stick-meta":"","astra-migrate-meta-layouts":"default","ast-page-background-enabled":"default","ast-page-background-meta":{"desktop":{"background-color":"","background-image":"","background-repeat":"repeat","background-position":"center center","background-size":"auto","background-attachment":"scroll","background-type":"","background-media":"","overlay-type":"","overlay-color":"","overlay-opacity":"","overlay-gradient":""},"tablet":{"background-color":"","background-image":"","background-repeat":"repeat","background-position":"center center","background-size":"auto","background-attachment":"scroll","background-type":"","background-media":"","overlay-type":"","overlay-color":"","overlay-opacity":"","overlay-gradient":""},"mobile":{"background-color":"","background-image":"","background-repeat":"repeat","background-position":"center center","background-size":"auto","background-attachment":"scroll","background-type":"","background-media":"","overlay-type":"","overlay-color":"","overlay-opacity":"","overlay-gradient":""}},"ast-content-background-meta":{"desktop":{"background-color":"var(--ast-global-color-5)","background-image":"","background-repeat":"repeat","background-position":"center center","background-size":"auto","background-attachment":"scroll","background-type":"","background-media":"","overlay-type":"","overlay-color":"","overlay-opacity":"","overlay-gradient":""},"tablet":{"background-color":"var(--ast-global-color-5)","background-image":"","background-repeat":"repeat","background-position":"center center","background-size":"auto","background-attachment":"scroll","background-type":"","background-media":"","overlay-type":"","overlay-color":"","overlay-opacity":"","overlay-gradient":""},"mobile":{"background-color":"var(--ast-global-color-5)","background-image":"","background-repeat":"repeat","background-position":"center center","background-size":"auto","background-attachment":"scroll","background-type":"","background-media":"","overlay-type":"","overlay-color":"","overlay-opacity":"","overlay-gradient":""}},"footnotes":""},"class_list":["post-1375","page","type-page","status-publish","hentry"],"_links":{"self":[{"href":"https:\/\/www.formula.pt\/cms\/wp-json\/wp\/v2\/pages\/1375","targetHints":{"allow":["GET"]}}],"collection":[{"href":"https:\/\/www.formula.pt\/cms\/wp-json\/wp\/v2\/pages"}],"about":[{"href":"https:\/\/www.formula.pt\/cms\/wp-json\/wp\/v2\/types\/page"}],"author":[{"embeddable":true,"href":"https:\/\/www.formula.pt\/cms\/wp-json\/wp\/v2\/users\/1"}],"replies":[{"embeddable":true,"href":"https:\/\/www.formula.pt\/cms\/wp-json\/wp\/v2\/comments?post=1375"}],"version-history":[{"count":7,"href":"https:\/\/www.formula.pt\/cms\/wp-json\/wp\/v2\/pages\/1375\/revisions"}],"predecessor-version":[{"id":1408,"href":"https:\/\/www.formula.pt\/cms\/wp-json\/wp\/v2\/pages\/1375\/revisions\/1408"}],"wp:attachment":[{"href":"https:\/\/www.formula.pt\/cms\/wp-json\/wp\/v2\/media?parent=1375"}],"curies":[{"name":"wp","href":"https:\/\/api.w.org\/{rel}","templated":true}]}}